 39?
36
Calculate the remainder when 3110 is divided by 164.
158
What is the remainder when 1784 is divided by 35?
34
What is the remainder when 886 is divided by 86?
26
What is the remainder when 3877 is divided by 353?
347
What is the remainder when 54 is divided by 30?
24
What is the remainder when 835 is divided by 76?
75
Calculate the remainder when 2552 is divided by 73.
70
Calculate the remainder when 8222 is divided by 46.
34
What is the remainder when 383 is divided by 101?
80
Calculate the remainder when 585 is divided by 112.
25
What is the remainder when 14740 is divided by 23?
20
Calculate the remainder when 354 is divided by 3.
0
Calculate the remainder when 295 is divided by 94.
13
What is the remainder when 2027 is divided by 27?
2
Calculate the remainder when 166 is divided by 25.
16
What is the remainder when 631 is divided by 59?
41
What is the remainder when 102 is divided by 58?
44
Calculate the remainder when 199 is divided by 67.
65
What is the remainder when 52 is divided by 37?
15
Calculate the remainder when 706 is divided by 9.
4
What is the remainder when 1083 is divided by 16?
11
What is the remainder when 1077 is divided by 15?
12
What is the remainder when 75 is divided by 13?
10
What is the remainder when 75 is divided by 17?
7
What is the remainder when 155 is divided by 20?
15
Calculate the remainder when 293 is divided by 42.
41
Calculate the remainder when 4939 is divided by 22.
11
What is the remainder when 2411 is divided by 34?
31
What is the remainder when 106 is divided by 37?
32
Calculate the remainder when 105 is divided by 50.
5
Calculate the remainder when 866 is divided by 14.
12
Calculate the remainder when 20 is divided by 11.
9
What is the remainder when 156 is divided by 51?
3
Calculate the remainder when 366 is divided by 182.
2
What is the remainder when 4107 is divided by 96?
75
What is the remainder when 400 is divided by 58?
52
What is the remainder when 484 is divided by 154?
22
What is the remainder when 2207 is divided by 246?
239
Calculate the remainder when 89 is divided by 50.
39
What is the remainder when 34030 is divided by 13?
9
What is the remainder when 133 is divided by 37?
22
Calculate the remainder when 271 is divided by 255.
16
Calculate the remainder when 1873 is divided by 14.
11
What is the remainder when 27 is divided by 9?
0
What is the remainder when 373 is divided by 119?
16
What is the remainder when 171 is divided by 11?
6
What is the remainder when 712 is divided by 6?
4
What is the remainder when 318 is divided by 146?
26
Calculate the remainder when 189 is divided by 24.
21
What is the remainder when 295 is divided by 21?
1
What is the remainder when 1501 is divided by 35?
31
Calculate the remainder when 21542 is divided by 129.
128
What is the remainder when 520 is divided by 11?
3
What is the remainder when 102 is divided by 26?
24
Calculate the remainder when 3034 is divided by 108.
10
What is the remainder when 55 is divided by 20?
15
What is the remainder when 100 is divided by 13?
9
What is the remainder when 87 is divided by 19?
11
What is the remainder when 1478 is divided by 113?
9
Calculate the remainder when 1935 is divided by 88.
87
What is the remainder when 270 is divided by 16?
14
Calculate the remainder when 481 is divided by 44.
41
Calculate the remainder when 1699 is divided by 171.
160
Calculate the remainder when 2616 is divided by 187.
185
Calculate the remainder when 5208 is divided by 79.
73
What is the remainder when 43 is divided by 23?
20
Calculate the remainder when 301 is divided by 81.
58
What is the remainder when 1996 is divided by 27?
25
What is the remainder when 2317 is divided by 93?
85
What is the remainder when 1485 is divided by 491?
12
What is the remainder when 313 is divided by 79?
76
What is the remainder when 97 is divided by 38?
21
Calculate the remainder when 1148 is divided by 257.
120
What is the remainder when 758 is divided by 20?
18
What is the remainder when 11846 is divided by 38?
28
Calculate the remainder when 279 is divided by 20.
19
What is the remainder when 110 is divided by 13?
6
Calculate the remainder when 150 is divided by 19.
17
Calculate the remainder when 14217 is divided by 5.
2
What is the remainder when 391 is divided by 200?
191
Calculate the remainder when 1475 is divided by 78.
71
Calculate the remainder when 54 is divided by 26.
2
Calculate the remainder when 12 is divided by 10.
2
What is the remainder when 1152 is divided by 17?
13
Calculate the remainder when 238 is divided by 64.
46
Calculate the remainder when 529 is divided by 6.
1
What is the remainder when 4685 is divided by 11?
10
What is the remainder when 634 is divided by 314?
6
What is the remainder when 98 is divided by 54?
44
What is the remainder when 2090 is divided by 46?
20
Calculate the remainder when 244 is divided by 52.
36
What is the remainder when 48 is divided by 17?
14
What is the remainder when 487 is divided by 45?
37
Calculate the remainder when 5647 is divided by 113.
110
What is the remainder when 186 is divided by 39?
30
Calculate the remainder when 3269 is divided by 29.
21
What is the remainder when 3655 is divided by 23?
21
What is the remainder when 251 is divided by 42?
41
What is the remainder when 1317 is divided by 40?
37
What is the remainder when 681 is divided by 6?
3
Calculate the remainder when 68 is divided by 35.
33
Calculate the remainder when 87 is divided by 64.
23
What is the remainder when 238 is divided by 12?
10
Calculate the remainder when 136 is divided by 63.
10
What is the remainder when 188 is divided by 47?
0
What is the remainder when 682 is divided by 21?
10
What is the remainder when 265 is divided by 19?
18
What is the remainder when 236 is divided by 48?
44
What is the remainder when 1331 is divided by 261?
26
What is the remainder when 147 is divided by 25?
22
What is the remainder when 273 is divided by 25?
23
What is the remainder when 131 is divided by 14?
5
What is the remainder when 268 is divided by 123?
22
Calculate the remainder when 1308 is divided by 349.
261
What is the remainder when 114 is divided by 21?
9
Calculate the remainder when 674 is divided by 109.
20
Calculate the remainder when 494 is divided by 256.
238
Calculate the remainder when 41 is divided by 9.
5
What is the remainder when 1601 is divided by 229?
227
Calculate the remainder when 705 is divided by 237.
231
What is the remainder when 6901 is divided by 34?
33
What is the remainder when 264 is divided by 28?
12
What is the remainder when 1885 is divided by 625?
10
What is the remainder when 729 is divided by 46?
39
Calculate the remainder when 1692 is divided by 2.
0
What is the remainder when 546 is divided by 110?
106
Calculate the remainder when 54 is divided by 53.
1
What is the remainder when 206 is divided by 2?
0
Calculate the remainder when 178 is divided by 90.
88
Calculate the remainder when 289 is divided by 51.
34
What is the remainder when 898 is divided by 60?
58
What is the remainder when 77 is divided by 41?
36
Calculate the remainder when 750 is divided by 118.
42
Calculate the remainder when 54 is divided by 23.
8
What is the remainder when 31 is divided by 4?
3
Calculate the remainder when 381 is divided by 24.
21
Calculate the remainder when 149 is divided by 50.
49
What is the remainder when 119 is divided by 113?
6
What is the remainder when 127 is divided by 47?
33
What is the remainder when 44 is divided by 8?
4
What is the remainder when 464 is divided by 31?
30
Calculate the remainder when 237 is divided by 88.
61
What is the remainder when 320 is divided by 6?
2
Calculate the remainder when 381 is divided by 55.
51
What is the remainder when 2730 is divided by 1349?
32
What is the remainder when 36 is divided by 24?
12
What is the remainder when 103 is divided by 7?
5
Calculate the remainder when 923 is divided by 44.
43
Calculate the remainder when 144 is divided by 25.
19
What is the remainder when 716 is divided by 358?
0
Calculate the remainder when 19 is divided by 7.
5
Calculate the remainder when 447 is divided by 73.
9
What is the remainder when 173 is divided by 8?
5
Calculate the remainder when 284 is divided by 12.
8
What is the remainder when 3513 is divi